{"id":195,"date":"2014-09-22T15:08:35","date_gmt":"2014-09-22T13:08:35","guid":{"rendered":"http:\/\/wp.adminus.ch\/?page_id=195"},"modified":"2015-03-30T19:29:06","modified_gmt":"2015-03-30T17:29:06","slug":"ungehindert","status":"publish","type":"page","link":"https:\/\/www.adminus.ch\/wp\/?page_id=195","title":{"rendered":"Ungehindert"},"content":{"rendered":"<h2>Gute Arbeit leisten d\u00fcrfen \u2013 eine Utopie?<\/h2>\n<h3>Interessanterweise beklagen sich all die Fachpersonen an der Basis heute kaum noch \u00fcber Arbeitszeiten oder Lohn. Sie beklagen sich dar\u00fcber, dass ihre Organisation sie dabei behindert, gute Arbeit zu leisten.<\/h3>\n<p>Das ist eine grundlegende Ver\u00e4nderung: Wenn ein Spital, eine Schule, eine Verwaltungseinheit den Mitarbeitenden Gelegenheit bietet, gute Arbeit zu leisten, sch\u00e4tzen diese das mehr als Lohnerh\u00f6hungen. Wirkliche Sorgen um die Qualit\u00e4t macht man sich nicht in der F\u00fchrung, sondern \u00abunten\u00bb. \u00abOben\u00bb finden unterdessen Kennzahlen- Qualit\u00e4tsmanagement- und Zertifizierungs-Diskussionen statt.<\/p>\n<p>Gehindert sehen sich die Fachpersonen an der Basis insbesondere durch ausufernde \u00abAdministration\u00bb. Wen auch immer man darauf anspricht: Die Meisten k\u00f6nnen ein Lied davon singen: elektronische Zeiterfassung, elektronisches Patientendossier, Jahresberichte, Jahresziele, Budgetierung, Evaluationsformulare, Formulare f\u00fcr alles und jedes, Akkreditierungen, sogenannte Qualit\u00e4tsentwicklungsmassnahmen, Projektbeschreibungen und -berichte, usw. In jeder Branche ist es ein bisschen etwas anderes \u2013 und doch \u00fcberall dasselbe: Viel Zeit geht in die Produktion von Papier und Papieren, wenn auch oft elektronischen. Manche, die eigentlich f\u00fcr konkrete Eins\u00e4tze angestellt sind, sagen dass ein Drittel oder mehr ihrer Zeit daf\u00fcr verloren geht \u2013 Tendenz steigend. Die mit diesen Papieren produzierten Daten m\u00fcssen ja dann noch von anderen ausgewertet, kontrolliert, weiterverarbeitet werden \u2013 was auch dort wieder Ressourcen frisst. Dass zugleich von Sparen geredet wird, wirkt etwas komisch, gelinde gesagt.<\/p>\n<h2>Ein Biotop. Kein Netzwerk.<\/h2>\n<p>In solchen Organisationen verdursten diejenigen, die gute Arbeit leisten wollen. Widerstand leisten ist angesagt \u2013 aber dieser zehrt zus\u00e4tzlich. Wir Fachpersonen, die wir uns um das Kerngesch\u00e4ft k\u00fcmmern, brauchen etwas, das n\u00e4hrt. Das ist das Biotop: Austausch und Probleml\u00f6sungen in Intervisionsgruppen, weit \u00fcber die Grenzen der Organisationen hinaus, in denen wir arbeiten. Gemeinsames Mittagessen, bei dem man sich quer \u00fcber Berufsgruppen hinweg austauscht und neue Ideen entstehen k\u00f6nnen. Fachtagungen, an denen sich Menschen aus verschiedenen Organisationen treffen, die in den Pausen gemeinsame Schwierigkeiten entdecken und informelle Kooperationen starten. All das erleben wir als Oasen in der W\u00fcste arbeitsbehindernder Organisationen.<\/p>\n<p>Was nun ansteht ist, diese Oasen miteinander zu verbinden. Denn diese kleinen Einheiten k\u00f6nnen st\u00e4rker sein, wenn sie von anderen kleinen Einheiten wissen. Wenn es grosse Treffen gibt. Wenn man Menschen mit L\u00f6sungen kennenlernen kann. Wenn sich kleine Einheiten bei Bedarf laufend neu konstellieren k\u00f6nnen. Wenn es un\u00fcbersichtlich wird vor lauter inspirierenden Kontaktm\u00f6glichkeiten. Wenn wir nicht nur an Firmenessen gehen, sondern an Feste von Mitengagierten quer durch die Organisationen. Wenn das Biotop als \u00abQuerganisation\u00bb w\u00e4chst.<\/p>\n<p>Also: Den inneren Fokus immer mal wieder von der eigenen Organisation wegnehmen. Widerstand gegen \u00dcberadministration und Fehlkontrolle ja, aber mit Mass. Von unseren Organisationen brauchen wir weder viel Administration noch Kontrolle, sondern einen groben Raster, der die Zust\u00e4ndigkeiten, Aufgaben und Kompetenzen kl\u00e4rt, und einige wenige Abl\u00e4ufe. Mehr nicht. Um die Qualit\u00e4t der Arbeit k\u00fcmmern wir uns, als diejenigen, die davon etwas verstehen, schon selbst. Bis wir das allerdings unseren Organisationen erkl\u00e4rt haben, wird es noch eine Weile dauern. Inzwischen tun wir, was uns und unserer Arbeit gut tut: Wir bauen aus den Oasen ein Biotop.<\/p>\n<p><a title=\"Hintergrund\" href=\"https:\/\/www.adminus.ch\/wp\/?page_id=79\">zur\u00fcck<\/a><\/p>\n<p>PS: Vorschl\u00e4ge dazu, wie man am Biotop bauen kann: \u00ab<a title=\"Was tun\" href=\"https:\/\/www.adminus.ch\/wp\/?page_id=75\">Was tun<\/a>\u00bb<\/p>\n","protected":false},"excerpt":{"rendered":"<p>Gute Arbeit leisten d\u00fcrfen \u2013 eine Utopie? Interessanterweise beklagen sich all die Fachpersonen an der Basis heute kaum noch \u00fcber Arbeitszeiten oder Lohn. Sie beklagen sich dar\u00fcber, dass ihre Organisation sie dabei behindert, gute Arbeit zu leisten. Das ist eine &hellip; <a href=\"https:\/\/www.adminus.ch\/wp\/?page_id=195\">Weiterlesen <span class=\"meta-nav\">&rarr;<\/span><\/a><\/p>\n","protected":false},"author":1,"featured_media":0,"parent":0,"menu_order":0,"comment_status":"open","ping_status":"open","template":"","meta":{"footnotes":""},"class_list":["post-195","page","type-page","status-publish","hentry"],"_links":{"self":[{"href":"https:\/\/www.adminus.ch\/wp\/index.php?rest_route=\/wp\/v2\/pages\/195","targetHints":{"allow":["GET"]}}],"collection":[{"href":"https:\/\/www.adminus.ch\/wp\/index.php?rest_route=\/wp\/v2\/pages"}],"about":[{"href":"https:\/\/www.adminus.ch\/wp\/index.php?rest_route=\/wp\/v2\/types\/page"}],"author":[{"embeddable":true,"href":"https:\/\/www.adminus.ch\/wp\/index.php?rest_route=\/wp\/v2\/users\/1"}],"replies":[{"embeddable":true,"href":"https:\/\/www.adminus.ch\/wp\/index.php?rest_route=%2Fwp%2Fv2%2Fcomments&post=195"}],"version-history":[{"count":1,"href":"https:\/\/www.adminus.ch\/wp\/index.php?rest_route=\/wp\/v2\/pages\/195\/revisions"}],"predecessor-version":[{"id":717,"href":"https:\/\/www.adminus.ch\/wp\/index.php?rest_route=\/wp\/v2\/pages\/195\/revisions\/717"}],"wp:attachment":[{"href":"https:\/\/www.adminus.ch\/wp\/index.php?rest_route=%2Fwp%2Fv2%2Fmedia&parent=195"}],"curies":[{"name":"wp","href":"https:\/\/api.w.org\/{rel}","templated":true}]}}

<h2>Gute Arbeit leisten dürfen – eine Utopie?</h2>
<h3>Interessanterweise beklagen sich all die Fachpersonen an der Basis heute kaum noch über Arbeitszeiten oder Lohn. Sie beklagen sich darüber, dass ihre Organisation sie dabei behindert, gute Arbeit zu leisten.</h3>
<p>Das ist eine grundlegende Veränderung: Wenn ein Spital, eine Schule, eine Verwaltungseinheit den Mitarbeitenden Gelegenheit bietet, gute Arbeit zu leisten, schätzen diese das mehr als Lohnerhöhungen. Wirkliche Sorgen um die Qualität macht man sich nicht in der Führung, sondern «unten». «Oben» finden unterdessen Kennzahlen- Qualitätsmanagement- und Zertifizierungs-Diskussionen statt.</p>
<p>Gehindert sehen sich die Fachpersonen an der Basis insbesondere durch ausufernde «Administration». Wen auch immer man darauf anspricht: Die Meisten können ein Lied davon singen: elektronische Zeiterfassung, elektronisches Patientendossier, Jahresberichte, Jahresziele, Budgetierung, Evaluationsformulare, Formulare für alles und jedes, Akkreditierungen, sogenannte Qualitätsentwicklungsmassnahmen, Projektbeschreibungen und -berichte, usw. In jeder Branche ist es ein bisschen etwas anderes – und doch überall dasselbe: Viel Zeit geht in die Produktion von Papier und Papieren, wenn auch oft elektronischen. Manche, die eigentlich für konkrete Einsätze angestellt sind, sagen dass ein Drittel oder mehr ihrer Zeit dafür verloren geht – Tendenz steigend. Die mit diesen Papieren produzierten Daten müssen ja dann noch von anderen ausgewertet, kontrolliert, weiterverarbeitet werden – was auch dort wieder Ressourcen frisst. Dass zugleich von Sparen geredet wird, wirkt etwas komisch, gelinde gesagt.</p>
<h2>Ein Biotop. Kein Netzwerk.</h2>
<p>In solchen Organisationen verdursten diejenigen, die gute Arbeit leisten wollen. Widerstand leisten ist angesagt – aber dieser zehrt zusätzlich. Wir Fachpersonen, die wir uns um das Kerngeschäft kümmern, brauchen etwas, das nährt. Das ist das Biotop: Austausch und Problemlösungen in Intervisionsgruppen, weit über die Grenzen der Organisationen hinaus, in denen wir arbeiten. Gemeinsames Mittagessen, bei dem man sich quer über Berufsgruppen hinweg austauscht und neue Ideen entstehen können. Fachtagungen, an denen sich Menschen aus verschiedenen Organisationen treffen, die in den Pausen gemeinsame Schwierigkeiten entdecken und informelle Kooperationen starten. All das erleben wir als Oasen in der Wüste arbeitsbehindernder Organisationen.</p>
<p>Was nun ansteht ist, diese Oasen miteinander zu verbinden. Denn diese kleinen Einheiten können stärker sein, wenn sie von anderen kleinen Einheiten wissen. Wenn es grosse Treffen gibt. Wenn man Menschen mit Lösungen kennenlernen kann. Wenn sich kleine Einheiten bei Bedarf laufend neu konstellieren können. Wenn es unübersichtlich wird vor lauter inspirierenden Kontaktmöglichkeiten. Wenn wir nicht nur an Firmenessen gehen, sondern an Feste von Mitengagierten quer durch die Organisationen. Wenn das Biotop als «Querganisation» wächst.</p>
<p>Also: Den inneren Fokus immer mal wieder von der eigenen Organisation wegnehmen. Widerstand gegen Überadministration und Fehlkontrolle ja, aber mit Mass. Von unseren Organisationen brauchen wir weder viel Administration noch Kontrolle, sondern einen groben Raster, der die Zuständigkeiten, Aufgaben und Kompetenzen klärt, und einige wenige Abläufe. Mehr nicht. Um die Qualität der Arbeit kümmern wir uns, als diejenigen, die davon etwas verstehen, schon selbst. Bis wir das allerdings unseren Organisationen erklärt haben, wird es noch eine Weile dauern. Inzwischen tun wir, was uns und unserer Arbeit gut tut: Wir bauen aus den Oasen ein Biotop.</p>
<p><a title="Hintergrund" href="https://www.adminus.ch/wp/?page_id=79">zurück</a></p>
<p>PS: Vorschläge dazu, wie man am Biotop bauen kann: «<a title="Was tun" href="https://www.adminus.ch/wp/?page_id=75">Was tun</a>»</p>

<p>Gute Arbeit leisten dürfen – eine Utopie? Interessanterweise beklagen sich all die Fachpersonen an der Basis heute kaum noch über Arbeitszeiten oder Lohn. Sie beklagen sich darüber, dass ihre Organisation sie dabei behindert, gute Arbeit zu leisten. Das ist eine &hellip; <a href="https://www.adminus.ch/wp/?page_id=195">Weiterlesen <span class="meta-nav">&rarr;</span></a></p>
