{"id":75,"date":"2014-09-21T22:20:18","date_gmt":"2014-09-21T20:20:18","guid":{"rendered":"http:\/\/wp.adminus.ch\/?page_id=75"},"modified":"2014-09-21T22:20:18","modified_gmt":"2014-09-21T20:20:18","slug":"was-tun","status":"publish","type":"page","link":"https:\/\/www.adminus.ch\/wp\/?page_id=75","title":{"rendered":"Was tun"},"content":{"rendered":"<h2>Was kann man konkret tun?<\/h2>\n<p>1. Mach dir bewusst, wo du als Fachperson aufbl\u00fchst, zur Bestform auff\u00e4hrst, in \u00abFlow\u00bb kommst. Was n\u00e4hrt dich? Was bringt dich weiter? Wo wirst du f\u00fcr andere zur Inspiration? \u2013 Aha, das sind also schon Deine Basiselemente, Deine Minibiotope. Mit welchen Menschen bist Du da zusammen \u2013 oder mit welchen k\u00f6nntest Du dar\u00fcber weiterbringend austauschen?<br \/>\n2. Wie kannst du solche unterschiedliche, bereits bestehende Minibiotope zusammenbringen? Was f\u00fcr Treffen, die durchaus in Partys ausarten d\u00fcrfen, w\u00e4ren denkbar?<br \/>\n3. Wo fehlt dir Biotop? Wie m\u00fcsste es aussehen? Was k\u00f6nnte ein erster Schritt sein, damit es entsteht? Tu ihn!<br \/>\n4. Komm an die Biotop-Tagung \u00abZur Sache! Die Fesseln der B\u00fcrokratie sprengen\u00bb vom 25. Oktober! Dies ist die Gelegenheit, andere aus deiner Branche kennenzulernen, mit denen du biotopen kannst. Oder Menschen aus anderen Branchen, die dir diese naiven aber inspirierenden Fragen stellen. Wie w\u00e4r\u2019s mit einer Intervisionsgruppe aus lauter branchenfremden Leuten? Infos zur Tagung k\u00f6nnen per Mail angefordert werden: info[at]hknoll.ch<br \/>\n5. \u00dcberlege dir, was das grosse, gemeinsame Biotop sonst noch braucht: Ein Antifacebook, also eine Art Thingbook, in dem man international andere kennen lernen kann, die an \u00c4hnlichem hirnen? Regionaltagungen? Internationale Treffen? Eine Beiz? Ferienangebote? Eine Intervisionsb\u00f6rse? Was von alledem passt besonders zu dir? Zu welchem dieser \u00abD\u00fcnger\u00bb f\u00fcr das grosse Biotop w\u00fcrdest du gerne beitragen? Wie kannst du andere finden, die mitziehen wollen? Was w\u00e4re ein m\u00f6glicher erster Schritt dazu?<\/p>\n<h2>Die Welt wird anders organisiert sein.<\/h2>\n<p>Wenn die Minibiotope ein weltweites gemeinsames Biotop bilden, kann uns keine Verwaltung, keine Megaunternehmung, keine Regierung mehr ein X f\u00fcr ein U vormachen. Weil wir jede Information jederzeit schnell \u00fcberpr\u00fcfen k\u00f6nnen. Weil sich kleine Einheiten bei Bedarf laufend neu konstellieren k\u00f6nnen.<br \/>\nDas hat mit Internet zu tun. Aber nicht nur. Denn worauf wir uns letztlich verlassen k\u00f6nnen, sind Menschen, konkrete Beziehungen. Das hat mit Treffen zu tun, mit gemeinsamen Essen, mit Echtheit.<br \/>\nDas Biotop darf aber auch ganz anders werden, als in diesem Text gedacht. Umso lieber. Das Ungeplante ist st\u00e4rker. Das ist das Sch\u00f6ne am Biotop. Es lebt von uns, f\u00fcr uns und wie es will.<\/p>\n","protected":false},"excerpt":{"rendered":"<p>Was kann man konkret tun? 1. Mach dir bewusst, wo du als Fachperson aufbl\u00fchst, zur Bestform auff\u00e4hrst, in \u00abFlow\u00bb kommst. Was n\u00e4hrt dich? Was bringt dich weiter? Wo wirst du f\u00fcr andere zur Inspiration? \u2013 Aha, das sind also schon &hellip; <a href=\"https:\/\/www.adminus.ch\/wp\/?page_id=75\">Weiterlesen <span class=\"meta-nav\">&rarr;<\/span><\/a><\/p>\n","protected":false},"author":1,"featured_media":0,"parent":0,"menu_order":0,"comment_status":"open","ping_status":"open","template":"","meta":{"footnotes":""},"class_list":["post-75","page","type-page","status-publish","hentry"],"_links":{"self":[{"href":"https:\/\/www.adminus.ch\/wp\/index.php?rest_route=\/wp\/v2\/pages\/75","targetHints":{"allow":["GET"]}}],"collection":[{"href":"https:\/\/www.adminus.ch\/wp\/index.php?rest_route=\/wp\/v2\/pages"}],"about":[{"href":"https:\/\/www.adminus.ch\/wp\/index.php?rest_route=\/wp\/v2\/types\/page"}],"author":[{"embeddable":true,"href":"https:\/\/www.adminus.ch\/wp\/index.php?rest_route=\/wp\/v2\/users\/1"}],"replies":[{"embeddable":true,"href":"https:\/\/www.adminus.ch\/wp\/index.php?rest_route=%2Fwp%2Fv2%2Fcomments&post=75"}],"version-history":[{"count":0,"href":"https:\/\/www.adminus.ch\/wp\/index.php?rest_route=\/wp\/v2\/pages\/75\/revisions"}],"wp:attachment":[{"href":"https:\/\/www.adminus.ch\/wp\/index.php?rest_route=%2Fwp%2Fv2%2Fmedia&parent=75"}],"curies":[{"name":"wp","href":"https:\/\/api.w.org\/{rel}","templated":true}]}}

<h2>Was kann man konkret tun?</h2>
<p>1. Mach dir bewusst, wo du als Fachperson aufblühst, zur Bestform auffährst, in «Flow» kommst. Was nährt dich? Was bringt dich weiter? Wo wirst du für andere zur Inspiration? – Aha, das sind also schon Deine Basiselemente, Deine Minibiotope. Mit welchen Menschen bist Du da zusammen – oder mit welchen könntest Du darüber weiterbringend austauschen?<br />
2. Wie kannst du solche unterschiedliche, bereits bestehende Minibiotope zusammenbringen? Was für Treffen, die durchaus in Partys ausarten dürfen, wären denkbar?<br />
3. Wo fehlt dir Biotop? Wie müsste es aussehen? Was könnte ein erster Schritt sein, damit es entsteht? Tu ihn!<br />
4. Komm an die Biotop-Tagung «Zur Sache! Die Fesseln der Bürokratie sprengen» vom 25. Oktober! Dies ist die Gelegenheit, andere aus deiner Branche kennenzulernen, mit denen du biotopen kannst. Oder Menschen aus anderen Branchen, die dir diese naiven aber inspirierenden Fragen stellen. Wie wär’s mit einer Intervisionsgruppe aus lauter branchenfremden Leuten? Infos zur Tagung können per Mail angefordert werden: info[at]hknoll.ch<br />
5. Überlege dir, was das grosse, gemeinsame Biotop sonst noch braucht: Ein Antifacebook, also eine Art Thingbook, in dem man international andere kennen lernen kann, die an Ähnlichem hirnen? Regionaltagungen? Internationale Treffen? Eine Beiz? Ferienangebote? Eine Intervisionsbörse? Was von alledem passt besonders zu dir? Zu welchem dieser «Dünger» für das grosse Biotop würdest du gerne beitragen? Wie kannst du andere finden, die mitziehen wollen? Was wäre ein möglicher erster Schritt dazu?</p>
<h2>Die Welt wird anders organisiert sein.</h2>
<p>Wenn die Minibiotope ein weltweites gemeinsames Biotop bilden, kann uns keine Verwaltung, keine Megaunternehmung, keine Regierung mehr ein X für ein U vormachen. Weil wir jede Information jederzeit schnell überprüfen können. Weil sich kleine Einheiten bei Bedarf laufend neu konstellieren können.<br />
Das hat mit Internet zu tun. Aber nicht nur. Denn worauf wir uns letztlich verlassen können, sind Menschen, konkrete Beziehungen. Das hat mit Treffen zu tun, mit gemeinsamen Essen, mit Echtheit.<br />
Das Biotop darf aber auch ganz anders werden, als in diesem Text gedacht. Umso lieber. Das Ungeplante ist stärker. Das ist das Schöne am Biotop. Es lebt von uns, für uns und wie es will.</p>

<p>Was kann man konkret tun? 1. Mach dir bewusst, wo du als Fachperson aufblühst, zur Bestform auffährst, in «Flow» kommst. Was nährt dich? Was bringt dich weiter? Wo wirst du für andere zur Inspiration? – Aha, das sind also schon &hellip; <a href="https://www.adminus.ch/wp/?page_id=75">Weiterlesen <span class="meta-nav">&rarr;</span></a></p>
